t of h?
7
Suppose 0 = 2*i - i + 453. Suppose 31 - 17 = -2*s. What is the units digit of 8/28 + i/s?
5
Suppose 9*i - 4*i - 25 = 0. Suppose -3 = -i*o - 3*g, 3 = 2*o + 2*g + 1. Suppose a = -2*k + 13, 5*a - 4*k - 65 = -o*k. What is the units digit of a?
3
Let y(l) = -5*l**3 + l**2 + 23*l - 22. What is the hundreds digit of y(-9)?
4
Suppose -2*x + 0*x + 2 = 4*l, -5*l + 10 = 5*x. Suppose 0 = -4*j + 2*c + 99 + 27, 0 = -x*j - 3*c + 81. Let v = j - 10. What is the tens digit of v?
2
Let r(v) = -11*v**2 - 3*v + 0*v + v**2. Let z be r(-3). Let m = -49 - z. What is the tens digit of m?
3
Suppose -3*c + 5 = -2*c. Suppose -4*v + c*q - 59 = -v, 4*v - 2*q = -60. Let i = 33 + v. What is the units digit of i?
0
Let l be 3 - (-1*100)/2. Let t = -38 + l. What is the tens digit of t?
1
Suppose 7*g - 3*g = -528. Let l be g/6*3/(-2). Suppose 4*a + 2*f - f - l = 0, -4*a + f = -39. What is the units digit of a?
9
Suppose 4*o + 48 = -0*o. What is the tens digit of ((-56)/o)/(1/15)?
7
Suppose -3*b + x - 814 = -6*b, 2*x = 3*b - 820. What is the units digit of b?
2
Let r(w) = w**2 - 10*w. Let t be r(10). Suppose -4*d - 9 = 5*l, -2 = -t*d + 2*d. What is the units digit of l - -2 - (-27)/1?
8
Suppose -3*w - 18 = 6*w. Suppose 0 = -f - 2*d + 3*d + 1, -3*d - 7 = -f. What is the tens digit of -2 - f/w*-28?
2
Let p(c) = -c. Let h be p(-4). Let t = h + -2. Suppose -i = -t - 10. What is the tens digit of i?
1
Let h = 59 - 22. Suppose 39 = 4*p - h. What is the tens digit of p?
1
Suppose -3*z = -11*z + 544. Suppose 0 = -3*n + 3*t - z + 281, -231 = -3*n - 3*t. What is the units digit of n?
4
Let v(h) = h**2 + 6*h + 2. Let b be v(-6). Let o be b + -2 - 2*2. What is the tens digit of 35 - 1*o/(-2)?
3
Suppose 8*u - 3*u = 1905. What is the units digit of u?
1
Let u(a) = 328*a**2 + 24*a - 57. What is the units digit of u(2)?
3
Let n = 156 + -149. What is the units digit of n?
7
Let o = -29 - -110. Suppose o - 501 = -6*b. What is the tens digit of b?
7
Let u = 1 + 1. Suppose u = 2*m - 0*m. Let o(l) = 6*l + 2. What is the units digit of o(m)?
8
Suppose 0 = -i + 4*w + 7, 3*i - 4 = -w - 4*w. What is the units digit of (i - (80/12 + -3))*-144?
6
Suppose 2*p = 6*p - 5*y + 185, 3*p + 138 = 3*y. What is the units digit of 14*(p/(-6))/3?
5
Suppose -98 = -0*y - 2*y. Let m(z) = 4*z**3 - 4*z**2 - z. Let l be m(3). Let u = l - y. What is the units digit of u?
0
Suppose 2*c = 8, -c + 4*c = h + 10. Suppose -h*j + 215 = 3*f + 3*j, j - 148 = -2*f. What is the units digit of f?
5
Let f(p) = -p**3 - 75*p + 12*p**2 - 4 - 2*p**2 + 78*p. Let h be f(6). Suppose h = 5*n + 3*y, 5*n - 5*y - 110 - 40 = 0. What is the units digit of n?
1
Let t be 0/6 + -1 + 3. Let u be (32/20)/((-2)/(-135)). Suppose -5*v + u = -t*v. What is the tens digit of v?
3
Let k = -53 + 21. What is the tens digit of -75*(k/(-20) - 2)?
3
Let k(c) = 2*c**2 - 43*c + 51. What is the tens digit of k(21)?
3
Let c = 34 + -59. Let y be (-6)/(-14) - 638/(-14). Let t = y + c. What is the units digit of t?
1
Let q(p) = -6*p**2 + 5 + 6*p**2 + 4*p**2 - 4*p. What is the tens digit of q(5)?
8
Suppose 0 = 13*c - 2892 - 3387. What is the tens digit of c?
8
Let g(w) = 3*w**2 + w. Let l be (-6)/(-3) + -1*3. Let y be g(l). What is the units digit of (-1)/y*2*-25?
5
Suppose -2*v + 402 + 540 = 3*s, -2*s = 3*v - 1403. Suppose 6*r + 27 = v. What is the units digit of r?
3
Let c = -890 + 2271. What is the hundreds digit of c?
3
Suppose -2650 = 19*s - 24*s. What is the hundreds digit of s?
5
What is the units digit of (219/(-2))/((-7)/(1078/21))?
3
Let h(u) = -u**3 + 12*u**2 - 13*u + 34. Let v be h(10). Suppose 175 = k + 3*p, -k + 2*p - v = -294. What is the units digit of k?
4
Let y = 126 + 112. What is the tens digit of y?
3
Let d(i) = 2. Let y(m) = -7*m + 7. Let l(o) = 10*d(o) - 2*y(o). Let c be l(-4). Let u = c + 71. What is the tens digit of u?
2
Suppose 5*c = -4*s - 27, -5*c - 36 = -c - 4*s. What is the tens digit of (-3)/(c/(-322)*(-1 + -5))?
2
Suppose -2*r - 1 = -4*r - y, -2*y + 6 = 0. What is the units digit of 2 - 1*(r - 7)?
0
Let u(b) = -19. Let x(i) = i + 1. Let o(t) = -u(t) + 3*x(t). What is the tens digit of o(11)?
5
Suppose 5*w + 19 = i, 4*i - 23 = 3*i + w. Let o = 167 - i. What is the hundreds digit of o?
1
Suppose -34*n - 128 = -38*n. Let r = -7 + 22. Let z = n - r. What is the units digit of z?
7
Suppose 10 = -13*l + 23*l. What is the units digit of l/(320/(-108) + 3)?
7
Suppose -4*k + 3*k = 222. Let l be (-1)/5 - k/(-15). What is the tens digit of (-267)/l - 2/(-10)?
1
Let x be ((-2)/(-2) - 0)*1*197. Suppose 0 = -5*l + 25, 5*m - 3*m - x = -l. What is the units digit of m?
6
Let z(n) = -n**3 + 7*n**2 + 3*n + 14. Let r(a) = a**3 - 6*a**2 - 4*a - 13. Let d(u) = 4*r(u) + 3*z(u). What is the units digit of d(5)?
5
Let f be ((-1)/(-4))/(1/44). Let z be (-9 + f)/((-1)/7). Let l = z + 62. What is the tens digit of l?
4
Suppose 3*y - o = 6, o = -5*y + 9 + 1. Let p(w) = -w**2 + 10*w - 6. Let b be p(8). Suppose -y*n + 44 = -4*j, -j - j = b. What is the units digit of n?
2
Suppose -1 = -2*q - 3. What is the tens digit of (q + (-2)/(-4))*564/(-3)?
9
Suppose -26 = 2*u - 0*u - v, -u - 10 = -2*v. Let p(m) = m**3 + 14*m**2 + m + 18. What is the units digit of p(u)?
4
Suppose 7 + 3 = -5*q. What is the tens digit of 21 - q/10*-5?
2
Let t = 5 + 30. Suppose -z - 3*w - 9 = -46, -t = -z - w. Let y = z - 15. What is the units digit of y?
9
Let f be (-8 + -24)/((-1)/19 - 0). Suppose 0 = -24*r + 28*r - f. What is the hundreds digit of r?
1
Let s(d) = -d**2 + 1. Let f be s(0). Let q = 27 + f. What is the units digit of q?
8
What is the units digit of 742/(-21)*(4 - 22)?
6
Let v(m) = 13 - 3*m + 5*m - 4*m + 0*m. What is the tens digit of v(-6)?
2
Suppose -3*p + 7*p = 80. Let j = -17 + p. Let g(y) = y + 1. What is the units digit of g(j)?
4
Let v be 45/6*4/6. Suppose -273 = -v*r - 28. What is the tens digit of r?
4
Let n(w) = 10*w + 2*w**2 - 7*w - 11 + 13 + 2*w. What is the units digit of n(4)?
4
Let r = 119 + -117. Let l(f) = 23*f**2 + 9*f - 16. What is the units digit of l(r)?
4
Suppose 0*d - 12 = 4*d - 3*r, -4*d + r = 4. Suppose d = -l - 3*l - 44. Let u = l - -24. What is the tens digit of u?
1
Let r = 176 - 123. Suppose 0 = 8*l - r - 75. What is the tens digit of l?
1
Suppose -2*t = 4*w - 1428, w - 24*t + 23*t = 354. What is the tens digit of w?
5
Let b = -8 + 8. Suppose 5*c - 46 = -4*k, b*k = -4*k - 2*c + 52. What is the tens digit of ((-3)/2*k)/(-1)?
2
Let x = -139 + 308. What is the tens digit of x?
6
Let r = -149 - -261. Let u = 370 - r. What is the units digit of u?
8
Let n be 2 + (2 - 1) + -12. Let a(v) = v**2 + 8*v + 3. Let c be a(n). What is the units digit of 36*-1*(-9)/c?
7
Let k(p) = -599*p + 4. What is the hundreds digit of k(-2)?
2
Let z(v) = -4*v - v**2 - 3 + 2*v + 3*v**2. Suppose n - 4*x + 23 = 0, -4*n + 2*x + 2 = -8*n. What is the tens digit of z(n)?
2
Suppose -3*g - 2*g = 20. Let a be (-76)/(4/(-2)) + g. Suppose 3*w - 102 = 3*h, 2*w + 5*h - 62 = a. What is the units digit of w?
8
Let n = -296 + 544. What is the hundreds digit of n?
2
Suppose 223 = -p + 4*f + 630, 4*f = -p + 367. What is the tens digit of p?
8
Let f be 126/9 + -3 + 0. Let u be (-3)/(-3) - f/1. Let d = 39 - u. What is the tens digit of d?
4
Suppose 2*u - 3*h - 916 = 0, 2*u + 2290 = 7*u + 5*h. What is the units digit of u?
8
Let w = -809 + 1147. What is the units digit of w?
8
Suppose 5207 = 53*n + 172. What is the tens digit of n?
9
Let r be 2/11 + (-1752)/(-44). Let t = r + 255. Suppose -48 = -h + 4*p, -5*p = -4*h - 114 + t. What is the tens digit of h?
4
Let i(z) = -4*z + 8. Suppose -4*x - 3 = -15. Let v(j) = 11*j - 23. Let n(u) = x*v(u) + 8*i(u). What is the units digit of n(13)?
8
Let u(r) = r**2 - 4*r - 3. Let a be u(5). Let l be (-28)/12 - a/3. What is the tens digit of 264/16 - l/(-2)?
1
Suppose -57 = -i + 16. What is the units digit of i?
3
Suppose -40*y + 8569 = 4*d - 35*y, 5*d - 10665 = 3*y. What is the units digit of d?
6
Suppose -13 = 2*y - 3. What is the tens digit of 4/y*(-1100)/5?
7
Let r be 1 + (-137 + 1)/(-4). Let s = r + -2. What is the units digit of s?
3
Suppose -4*m = -3*m. Suppose m = -3*y + 98 + 67. What is the units digit of y?
5
Suppose 0 = -4*k - 2*d - 40, -6*k + 3*k = -2*d + 30. Suppose 350 + 306 = -2*f. What is the units digit of 4/k + f/(-20)?
6
Let f = -2528 